se 0 = 4*l - 61 - b. List the prime factors of l.
5
What are the prime factors of (1 - 26/6)/((-9)/621)?
2, 5, 23
Let s(x) = 3*x**2 + 2*x + 1. Let d be s(-1). Let t(i) = 0*i - 1 + 3*i - i + 2*i**2. What are the prime factors of t(d)?
11
Suppose d - 5*a - 10 = -0, -2*a + 13 = 3*d. Let z = 25 - 18. Suppose -d*n + z = -8. What are the prime factors of n?
3
Suppose -4*i - 2*v - 12 = 2*v, -v = -3*i + 11. Let m be 21 + 2/(-1*i). Suppose l - m = -l. What are the prime factors of l?
2, 5
Let q(d) = 2*d**2 - 5*d - 4. List the prime factors of q(8).
2, 3, 7
Let z be 1/3*(-18)/(-6). Let c(i) = 22*i**2 + i - 1. List the prime factors of c(z).
2, 11
Let u(v) = 5*v**2 + 3*v - 3. List the prime factors of u(2).
23
Let k(d) be the third derivative of -1/8*d**6 + 0*d + 2*d**2 + 0 + 0*d**4 - 1/60*d**5 + 1/6*d**3. List the prime factors of k(-1).
3, 5
What are the prime factors of (-20)/(-15)*(-18)/(-1)?
2, 3
Let k(j) = j**3 + 5*j**2 + 1. Let b be k(-5). Let s(n) = 2*n**3 + 2*n - 1. List the prime factors of s(b).
3
Let i be 2/(-1 - 6/(-2)). Let g(v) = 13*v + 1. What are the prime factors of g(i)?
2, 7
Suppose 9 - 39 = -2*w. Suppose 5*f + w = 140. What are the prime factors of f?
5
Let f(l) = -24*l + 4. Let a be f(-4). Suppose -3*h + a - 19 = 0. Suppose 2*i + i - h = 0. List the prime factors of i.
3
Let v be 0 + (-5)/((-5)/(-3)). Let m = 3 + v. Suppose 60 = 5*c - m*c. List the prime factors of c.
2, 3
Let g(f) = -7*f**3 + 3*f**2 + 4*f + 2. Let i = 5 - 7. Let r be g(i). Suppose 5*z - r = -4*w + w, -w - 53 = -4*z. What are the prime factors of z?
13
Let l be (-3)/((-60)/21 + 3). Suppose 0 = -y + 4 - 34. Let d = l - y. List the prime factors of d.
3
Suppose -5*l + 2 = 4*x, -4*l = 2*x - 4*x - 12. Suppose d = 4 + l. List the prime factors of d.
2, 3
Let y = 28 + -51. Let c be y/(-2) + 2/4. What are the prime factors of 78/c + 1/2?
7
Suppose -2*g = -3 - 7. Suppose 0 = -s - g*a - 1, -3 = -3*s - 2*a + 46. What are the prime factors of s?
19
Let d(q) = q + 21. Suppose -3*x + 4*x - 5*h + 10 = 0, -2*x = h - 2. What are the prime factors of d(x)?
3, 7
Let g(q) = q**3 - 3*q**2 + 3*q - 7. List the prime factors of g(4).
3, 7
Suppose 4*m + 3*n - 443 + 87 = 0, 3*m - 267 = 5*n. Let v = m + -64. What are the prime factors of v?
5
Let d(p) = p**3 - 6*p**2 + 6*p - 1. Let v = 7 + -2. Let n be d(v). Suppose n*g - 21 = g. List the prime factors of g.
7
Let y(d) = 6*d - 2. Let q(x) = 5*x - 1. Let l(a) = 4*q(a) - 3*y(a). Let w be l(-6). Let j(b) = -b**2 - 12*b - 10. What are the prime factors of j(w)?
2, 5
Suppose 0 = 5*v + k + 2*k - 21, 4 = 2*k. List the prime factors of v/3*3 - -2.
5
Let q = -46 + 166. Suppose w = -4*w - q. What are the prime factors of ((-4)/(-6))/((-2)/w)?
2
Let a = 7 - 2. Let y = 53 - -18. Suppose 0*v + 4*m + y = a*v, -m = -5*v + 74. What are the prime factors of v?
3, 5
Let g(r) = -r**3 + 5*r**2 + 9*r - 9. Let k = 21 - 15. List the prime factors of g(k).
3
Suppose 0 = -5*o - t + 13, -o - 10 = t - 5*t. Suppose 2*p - 24 = -o*p. List the prime factors of ((-34)/p)/(3/(-9)).
17
Suppose -8*l = 2*l - 480. List the prime factors of l.
2, 3
Suppose 2*a = -5*t + 409 + 28, -4*t + 5*a + 343 = 0. What are the prime factors of t?
3, 29
Suppose -2*b = -3*o + 3, 0 = 2*b - 2*o + o - 7. List the prime factors of b.
2, 3
Suppose 29 - 4 = 5*w. Suppose w*l - 2*x - 35 = 0, -4*l + 0 = -4*x - 16. What are the prime factors of l?
3
Let t(r) = -14*r - 1. List the prime factors of t(-1).
13
Let r = 32 - 19. List the prime factors of r.
13
Suppose 6*a - a + 24 = r, -4*r - 4*a = -24. List the prime factors of r.
3
What are the prime factors of (593/(-3) + -1)*(-33)/22?
2, 149
List the prime factors of ((-2)/8)/((-4)/208).
13
Suppose -3*d + 27 + 33 = 0. Suppose 2*j - 4*j - d = 0. Let n = j + 22. List the prime factors of n.
2, 3
List the prime factors of 1 - -111*3/3.
2, 7
Let v = 92 + -4. What are the prime factors of v?
2, 11
Let w(f) = -2*f - 10. Let s be w(-7). Suppose -z + 45 = s*z. List the prime factors of z.
3
What are the prime factors of 2/(-5) - -587*5/25?
3, 13
Suppose -f = -6*f - 5, -2*o + f - 13 = 0. Let c = 15 + o. List the prime factors of c.
2
Suppose -2 + 98 = 2*w. Let x = -32 + 6. Let o = w + x. What are the prime factors of o?
2, 11
Let g(n) = n**3 - 6*n**2 - 6*n - 5. Let f be g(7). Let d(w) = -w - 2 + 0*w - f + 0*w. List the prime factors of d(-9).
5
Suppose 0 = -5*z + 2*z + 18. Let q be (z - -51) + -1 + 2. Suppose 5*i + 70 = 5*o, q = o + 2*o + 5*i. List the prime factors of o.
2
List the prime factors of ((-16263)/78)/(6/(-8) + 0).
2, 139
Let t(f) = f**3 + 7*f**2 + 5*f - 1. Let m be t(-6). List the prime factors of (7 - 3)*m/2.
2, 5
Let c(o) = 2*o + 2 + 0*o**2 - 2*o**3 - 3*o**2 - o**2. List the prime factors of c(-3).
2, 7
Let c be (27/(-6))/(6/(-64)). Suppose 4*y - 24 = -h + y, -3*h - 3*y + c = 0. List the prime factors of h.
2, 3
Suppose 21 = p - 89. Suppose -2*s - p = -7*s. List the prime factors of s.
2, 11
What are the prime factors of (-6)/(-30) + (-59)/(-5)?
2, 3
Suppose 3*n = 38 - 5. Let w = 14 + n. What are the prime factors of w?
5
Let d(y) = 7*y**2 - 6*y + 9. What are the prime factors of d(4)?
97
Let z(i) be the second derivative of -i**4/12 - 5*i**3/6 - 3*i**2/2 + i. Let j be z(-3). What are the prime factors of ((-28)/(-6))/(2/j)?
7
Let y = 320 + -148. What are the prime factors of y?
2, 43
Let b(u) = -u. Let i(d) = d + 10. Let v be i(-9). Let h(g) = 15*g - 1. Let l(q) = v*h(q) + 4*b(q). List the prime factors of l(1).
2, 5
Suppose 4*o - 5*q - 439 = o, -2*q + 266 = 2*o. What are the prime factors of o?
2, 3, 23
Let g = -2 + 7. Suppose -2*z = z + g*u - 42, -3 = u. What are the prime factors of z?
19
Let o be 33/1*(-20)/(-12). Suppose -3*j = 4*t - 22, 3*t - 18 = -2*j - 2. Suppose 0 = 3*z + j*z - o. List the prime factors of z.
11
Let s be (0 - -1)*1*1. Let y be (-3 - -2)/(s/3). What are the prime factors of -2 + (-10)/6*y?
3
Suppose 4*p - 9 = 7. Suppose 6*t - 18 = p*t. List the prime factors of t.
3
Let s(r) = r**3 + 7*r**2 + 6*r + 4. Let v be s(-6). Suppose -4*p + v*w + 40 + 108 = 0, 151 = 3*p + 5*w. Suppose -p + 6 = -3*c. List the prime factors of c.
2, 3
Let z(f) = -6*f**2 - 3*f. Let h(i) = i + 2. Let a be h(-6). Let j be z(a). What are the prime factors of ((-4)/6)/(8/j)?
7
Let m be ((0 + -3)/3)/(-1). Let h(s) = 20*s. List the prime factors of h(m).
2, 5
Let f = 0 - -6. Suppose p - 17 = -f. What are the prime factors of p?
11
Let n(i) = i**3 - 10*i**2 + i - 8. Let l(b) = -4*b - 6. Let r be l(-4). Let t be n(r). Suppose -8 = -a + t. List the prime factors of a.
2, 5
Let b be (4 - 22)/((-6)/4). Suppose 5*r = 47 - b. What are the prime factors of r?
7
Let s = -13 - -18. Let r(q) = 2*q**2 - 4*q - 2. What are the prime factors of r(s)?
2, 7
Suppose -11 = m - 33. List the prime factors of m.
2, 11
Suppose -t + 3 = 2*h, 3*h + 0*h + 15 = 5*t. Suppose s = -2*r - t, -4*s + 1 = 2*r + 13. Suppose r = -2*d + 36 - 6. What are the prime factors of d?
3, 5
Let z be ((-2)/6)/(7/(-105)). Suppose z*a = -20 - 0. Let q = a + 9. List the prime factors of q.
5
Suppose 3*d - 140 = -d. List the prime factors of d.
5, 7
Let x be 252/15 + -3 + 32/10. Suppose -40 = -5*b + 4*a, 3*b - 5*b + a = -19. Let u = x - b. List the prime factors of u.
5
Let t = -7 + 4. What are the prime factors of -1 + (0 - t) + 10?
2, 3
Suppose 0*i - 8 = -2*i. Suppose 0 = 5*n - 4*n - i. What are the prime factors of n?
2
Suppose m + d = 22 + 14, d = m - 26. Suppose -m = -3*j + 4*u + u, -2*u - 18 = -2*j. List the prime factors of j.
7
Suppose 3 = m, -3*r - 4*m - 5 = -29. Suppose -r*q + 24 + 24 = 0. Suppose 0*s + 4*s = q. List the prime factors of s.
3
Suppose 8*b - 105 = 3*b. What are the prime factors of b?
3, 7
Suppose 16*x = -642 + 2626. What are the prime factors of x?
2, 31
Suppose 2*b + 2 = -5*d + 13, -2*d = b - 5. List the prime factors of ((-8)/(-6))/(b/18).
2
Let m be -1*(-2 - (1 - 0)). Let w = m + -4. Let t(z) = -5*z**3 + z**2 - z - 1. What are the prime factors of t(w)?
2, 3
Suppose -3*r - 33 = -5*u, u - 5*u + 3*r = -27. What are the prime factors of 15*((-4)/u)/(-2)?
5
Let u(q) = 51*q - 2. Let t(d) = d**3 + 2*d**2 - 2*d - 3. Let i be t(-2). What are the prime factors of u(i)?
7
Let c(f) = -2*f**3 + f**2 + f + 1. Let k be c(-1). Suppose 0 = 5*v - 25, k*n - 19 = 5*v + 67. What are the prime fa